{"version":"1.0","provider_name":"Nedbalka","provider_url":"https:\/\/www.nedbalka.sk\/en\/","title":"Z\u00e1\u017eitkov\u00e9 ma\u013eovanie \u2013 Ma\u013eujeme ako franc\u00fazski impresionisti | Nedbalka","type":"rich","width":600,"height":338,"html":"<blockquote class=\"wp-embedded-content\" data-secret=\"1qwOZxLIvC\"><a href=\"https:\/\/www.nedbalka.sk\/en\/product\/zazitkove-malovanie-malujeme-ako-francuzski-impresionisti\/\">Z\u00e1\u017eitkov\u00e9 ma\u013eovanie \u2013 Ma\u013eujeme ako franc\u00fazski impresionisti<\/a><\/blockquote><iframe sandbox=\"allow-scripts\" security=\"restricted\" src=\"https:\/\/www.nedbalka.sk\/en\/product\/zazitkove-malovanie-malujeme-ako-francuzski-impresionisti\/embed\/#?secret=1qwOZxLIvC\" width=\"600\" height=\"338\" title=\"&#8220;Z\u00e1\u017eitkov\u00e9 ma\u013eovanie \u2013 Ma\u013eujeme ako franc\u00fazski impresionisti&#8221; &#8212; Nedbalka\" data-secret=\"1qwOZxLIvC\" frameborder=\"0\" marginwidth=\"0\" marginheight=\"0\" scrolling=\"no\" class=\"wp-embedded-content\"><\/iframe><script type=\"text\/javascript\">\n\/* <![CDATA[ *\/\n\/*! This file is auto-generated *\/\n!function(d,l){\"use strict\";l.querySelector&&d.addEventListener&&\"undefined\"!=typeof URL&&(d.wp=d.wp||{},d.wp.receiveEmbedMessage||(d.wp.receiveEmbedMessage=function(e){var t=e.data;if((t||t.secret||t.message||t.value)&&!\/[^a-zA-Z0-9]\/.test(t.secret)){for(var s,r,n,a=l.querySelectorAll('iframe[data-secret=\"'+t.secret+'\"]'),o=l.querySelectorAll('blockquote[data-secret=\"'+t.secret+'\"]'),c=new RegExp(\"^https?:$\",\"i\"),i=0;i<o.length;i++)o[i].style.display=\"none\";for(i=0;i<a.length;i++)s=a[i],e.source===s.contentWindow&&(s.removeAttribute(\"style\"),\"height\"===t.message?(1e3<(r=parseInt(t.value,10))?r=1e3:~~r<200&&(r=200),s.height=r):\"link\"===t.message&&(r=new URL(s.getAttribute(\"src\")),n=new URL(t.value),c.test(n.protocol))&&n.host===r.host&&l.activeElement===s&&(d.top.location.href=t.value))}},d.addEventListener(\"message\",d.wp.receiveEmbedMessage,!1),l.addEventListener(\"DOMContentLoaded\",function(){for(var e,t,s=l.querySelectorAll(\"iframe.wp-embedded-content\"),r=0;r<s.length;r++)(t=(e=s[r]).getAttribute(\"data-secret\"))||(t=Math.random().toString(36).substring(2,12),e.src+=\"#?secret=\"+t,e.setAttribute(\"data-secret\",t)),e.contentWindow.postMessage({message:\"ready\",secret:t},\"*\")},!1)))}(window,document);\n\/\/# sourceURL=https:\/\/www.nedbalka.sk\/wp-includes\/js\/wp-embed.min.js\n\/* ]]> *\/\n<\/script>\n","thumbnail_url":"https:\/\/www.nedbalka.sk\/wp-content\/uploads\/DSC07064-1024x683.jpg","thumbnail_width":1024,"thumbnail_height":683,"description":"Ateli\u00e9r Nedbalka v\u00e1s poz\u00fdva na kreat\u00edvne popoludnie in\u0161pirovan\u00e9 tvorbou franc\u00fazskych impresionistov. Pod veden\u00edm akademick\u00e9ho maliara Andreja August\u00edna si vytvor\u00edte vlastn\u00e9 origin\u00e1lne dielo in\u0161pirovan\u00e9 t\u00fdmto umeleck\u00fdm smerom. Pri pr\u00e1ci budeme po\u010d\u00fava\u0165 franc\u00fazske \u0161ans\u00f3ny. V\u0161etko potrebn\u00e9, vr\u00e1tane mal\u00e9ho ob\u010derstvenia, je v\u00a0cene.  Term\u00edn:\u00a0 12. 4. 2026 (nede\u013ea)"}

Zážitkové maľovanie – Maľujeme ako francúzski impresionisti | Nedbalka

<blockquote class="wp-embedded-content" data-secret="1qwOZxLIvC"><a href="https://www.nedbalka.sk/en/product/zazitkove-malovanie-malujeme-ako-francuzski-impresionisti/">Zážitkové maľovanie – Maľujeme ako francúzski impresionisti</a></blockquote><iframe sandbox="allow-scripts" security="restricted" src="https://www.nedbalka.sk/en/product/zazitkove-malovanie-malujeme-ako-francuzski-impresionisti/embed/#?secret=1qwOZxLIvC" width="600" height="338" title="&#8220;Zážitkové maľovanie – Maľujeme ako francúzski impresionisti&#8221; &#8212; Nedbalka" data-secret="1qwOZxLIvC" frameborder="0" marginwidth="0" marginheight="0" scrolling="no" class="wp-embedded-content"></iframe><script type="text/javascript">
/* <![CDATA[ */
/*! This file is auto-generated */
!function(d,l){"use strict";l.querySelector&&d.addEventListener&&"undefined"!=typeof URL&&(d.wp=d.wp||{},d.wp.receiveEmbedMessage||(d.wp.receiveEmbedMessage=function(e){var t=e.data;if((t||t.secret||t.message||t.value)&&!/[^a-zA-Z0-9]/.test(t.secret)){for(var s,r,n,a=l.querySelectorAll('iframe[data-secret="'+t.secret+'"]'),o=l.querySelectorAll('blockquote[data-secret="'+t.secret+'"]'),c=new RegExp("^https?:$","i"),i=0;i<o.length;i++)o[i].style.display="none";for(i=0;i<a.length;i++)s=a[i],e.source===s.contentWindow&&(s.removeAttribute("style"),"height"===t.message?(1e3<(r=parseInt(t.value,10))?r=1e3:~~r<200&&(r=200),s.height=r):"link"===t.message&&(r=new URL(s.getAttribute("src")),n=new URL(t.value),c.test(n.protocol))&&n.host===r.host&&l.activeElement===s&&(d.top.location.href=t.value))}},d.addEventListener("message",d.wp.receiveEmbedMessage,!1),l.addEventListener("DOMContentLoaded",function(){for(var e,t,s=l.querySelectorAll("iframe.wp-embedded-content"),r=0;r<s.length;r++)(t=(e=s[r]).getAttribute("data-secret"))||(t=Math.random().toString(36).substring(2,12),e.src+="#?secret="+t,e.setAttribute("data-secret",t)),e.contentWindow.postMessage({message:"ready",secret:t},"*")},!1)))}(window,document);
//# sourceURL=https://www.nedbalka.sk/wp-includes/js/wp-embed.min.js
/* ]]> */
</script>

Ateliér Nedbalka vás pozýva na kreatívne popoludnie inšpirované tvorbou francúzskych impresionistov. Pod vedením akademického maliara Andreja Augustína si vytvoríte vlastné originálne dielo inšpirované týmto umeleckým smerom. Pri práci budeme počúvať francúzske šansóny. Všetko potrebné, vrátane malého občerstvenia, je v cene.  Termín:  12. 4. 2026 (nedeľa)
