{"id":2271,"date":"2015-09-09T18:20:18","date_gmt":"2015-09-09T17:20:18","guid":{"rendered":"http:\/\/www.nedbalka.sk\/?post_type=product&#038;p=2271"},"modified":"2019-04-23T14:26:48","modified_gmt":"2019-04-23T13:26:48","slug":"katalog-milan-dobes-svetlo-pohyb","status":"publish","type":"product","link":"https:\/\/www.nedbalka.sk\/de\/product\/katalog-milan-dobes-svetlo-pohyb\/","title":{"rendered":"Milan Dobe\u0161 &#8211; Svetlo a pohyb"},"content":{"rendered":"","protected":false},"excerpt":{"rendered":"<p>Milan Dobe\u0161 je zriedkav\u00fdm pr\u00edpadom slovensk\u00e9ho umelca, ktor\u00fd sa etabloval na medzin\u00e1rodnej v\u00fdtvarnej sc\u00e9ne u\u017e v polovici \u0161es\u0165desiatych rokov minul\u00e9ho storo\u010dia. Po ranom obdob\u00ed ovplyvnenom impresionizmom a zameranom na mot\u00edvy Bratislavy sa vo svojom \u201emodrom\u201c obdob\u00ed orientuje na v\u00fddobytky franc\u00fazskej moderny, s\u00fastre\u010fuje sa na auton\u00f3mnos\u0165 obrazovej plochy a jej jednotliv\u00fdch \u0161trukt\u00far. \u00a0Gal\u00e9ria Nedbalka vybudovala pomerne rozsiahlu kolekciu diel tohto v\u00fdnimo\u010dn\u00e9ho autora, ktor\u00e1 mapuje jeho jednotliv\u00e9 tvoriv\u00e9 obdobia a poskytuje ucelen\u00fd obraz o z\u00e1kladn\u00fdch tendenci\u00e1ch a smerovan\u00ed jeho tvorby.<\/p>\n<p><strong>Katal\u00f3g:\u00a0Milan Dobe\u0161 \u2013 Svetlo a\u00a0pohyb \/ Light &amp; Motion; <\/strong>autor textov:\u00a0Ivan Jan\u010d\u00e1r; po\u010det str\u00e1n:\u00a056; v\u00e4zba:\u00a0m\u00e4kk\u00e1; jazyk:\u00a0slovensk\u00fd a anglick\u00fd; rok vydania:\u00a02015.<\/p>\n","protected":false},"featured_media":2272,"template":"","meta":{"_acf_changed":false,"inline_featured_image":false},"class_list":{"0":"post-2271","1":"product","2":"type-product","3":"status-publish","4":"has-post-thumbnail","6":"product_cat-katalog","8":"first","9":"instock","10":"taxable","11":"shipping-taxable","12":"purchasable","13":"product-type-simple"},"acf":[],"yoast_head":"<!-- This site is optimized with the Yoast SEO plugin v27.4 - https:\/\/yoast.com\/product\/yoast-seo-wordpress\/ -->\n<title>Milan Dobe\u0161 - Svetlo a pohyb | Nedbalka<\/title>\n<meta name=\"robots\" content=\"index, follow, max-snippet:-1, max-image-preview:large, max-video-preview:-1\" \/>\n<link rel=\"canonical\" href=\"https:\/\/www.nedbalka.sk\/en\/product\/katalog-milan-dobes-svetlo-pohyb\/\" \/>\n<meta property=\"og:locale\" content=\"de_DE\" \/>\n<meta property=\"og:type\" content=\"article\" \/>\n<meta property=\"og:title\" content=\"Milan Dobe\u0161 - Svetlo a pohyb | Nedbalka\" \/>\n<meta property=\"og:description\" content=\"Milan Dobe\u0161 je zriedkav\u00fdm pr\u00edpadom slovensk\u00e9ho umelca, ktor\u00fd sa etabloval na medzin\u00e1rodnej v\u00fdtvarnej sc\u00e9ne u\u017e v polovici \u0161es\u0165desiatych rokov minul\u00e9ho storo\u010dia. Po ranom obdob\u00ed ovplyvnenom impresionizmom a zameranom na mot\u00edvy Bratislavy sa vo svojom \u201emodrom\u201c obdob\u00ed orientuje na v\u00fddobytky franc\u00fazskej moderny, s\u00fastre\u010fuje sa na auton\u00f3mnos\u0165 obrazovej plochy a jej jednotliv\u00fdch \u0161trukt\u00far. \u00a0Gal\u00e9ria Nedbalka vybudovala pomerne rozsiahlu kolekciu diel tohto v\u00fdnimo\u010dn\u00e9ho autora, ktor\u00e1 mapuje jeho jednotliv\u00e9 tvoriv\u00e9 obdobia a poskytuje ucelen\u00fd obraz o z\u00e1kladn\u00fdch tendenci\u00e1ch a smerovan\u00ed jeho tvorby.  Katal\u00f3g:\u00a0Milan Dobe\u0161 \u2013 Svetlo a\u00a0pohyb \/ Light &amp; Motion; autor textov:\u00a0Ivan Jan\u010d\u00e1r; po\u010det str\u00e1n:\u00a056; v\u00e4zba:\u00a0m\u00e4kk\u00e1; jazyk:\u00a0slovensk\u00fd a anglick\u00fd; rok vydania:\u00a02015.\" \/>\n<meta property=\"og:url\" content=\"https:\/\/www.nedbalka.sk\/en\/product\/katalog-milan-dobes-svetlo-pohyb\/\" \/>\n<meta property=\"og:site_name\" content=\"Nedbalka\" \/>\n<meta property=\"article:modified_time\" content=\"2019-04-23T13:26:48+00:00\" \/>\n<meta property=\"og:image\" content=\"https:\/\/www.nedbalka.sk\/wp-content\/uploads\/Milan-Dobes\u030c-Svetlo-a-pohyb.jpg\" \/>\n\t<meta property=\"og:image:width\" content=\"865\" \/>\n\t<meta property=\"og:image:height\" content=\"1156\" \/>\n\t<meta property=\"og:image:type\" content=\"image\/jpeg\" \/>\n<meta name=\"twitter:card\" content=\"summary_large_image\" \/>\n<script type=\"application\/ld+json\" class=\"yoast-schema-graph\">{\"@context\":\"https:\\\/\\\/schema.org\",\"@graph\":[{\"@type\":\"WebPage\",\"@id\":\"https:\\\/\\\/www.nedbalka.sk\\\/en\\\/product\\\/katalog-milan-dobes-svetlo-pohyb\\\/\",\"url\":\"https:\\\/\\\/www.nedbalka.sk\\\/en\\\/product\\\/katalog-milan-dobes-svetlo-pohyb\\\/\",\"name\":\"Milan Dobe\u0161 - Svetlo a pohyb | Nedbalka\",\"isPartOf\":{\"@id\":\"https:\\\/\\\/www.nedbalka.sk\\\/#website\"},\"primaryImageOfPage\":{\"@id\":\"https:\\\/\\\/www.nedbalka.sk\\\/en\\\/product\\\/katalog-milan-dobes-svetlo-pohyb\\\/#primaryimage\"},\"image\":{\"@id\":\"https:\\\/\\\/www.nedbalka.sk\\\/en\\\/product\\\/katalog-milan-dobes-svetlo-pohyb\\\/#primaryimage\"},\"thumbnailUrl\":\"https:\\\/\\\/www.nedbalka.sk\\\/wp-content\\\/uploads\\\/Milan-Dobes\u030c-Svetlo-a-pohyb.jpg\",\"datePublished\":\"2015-09-09T17:20:18+00:00\",\"dateModified\":\"2019-04-23T13:26:48+00:00\",\"breadcrumb\":{\"@id\":\"https:\\\/\\\/www.nedbalka.sk\\\/en\\\/product\\\/katalog-milan-dobes-svetlo-pohyb\\\/#breadcrumb\"},\"inLanguage\":\"de\",\"potentialAction\":[{\"@type\":\"ReadAction\",\"target\":[\"https:\\\/\\\/www.nedbalka.sk\\\/en\\\/product\\\/katalog-milan-dobes-svetlo-pohyb\\\/\"]}]},{\"@type\":\"ImageObject\",\"inLanguage\":\"de\",\"@id\":\"https:\\\/\\\/www.nedbalka.sk\\\/en\\\/product\\\/katalog-milan-dobes-svetlo-pohyb\\\/#primaryimage\",\"url\":\"https:\\\/\\\/www.nedbalka.sk\\\/wp-content\\\/uploads\\\/Milan-Dobes\u030c-Svetlo-a-pohyb.jpg\",\"contentUrl\":\"https:\\\/\\\/www.nedbalka.sk\\\/wp-content\\\/uploads\\\/Milan-Dobes\u030c-Svetlo-a-pohyb.jpg\",\"width\":865,\"height\":1156,\"caption\":\"Milan Dobes\u030c, Svetlo a pohyb\"},{\"@type\":\"BreadcrumbList\",\"@id\":\"https:\\\/\\\/www.nedbalka.sk\\\/en\\\/product\\\/katalog-milan-dobes-svetlo-pohyb\\\/#breadcrumb\",\"itemListElement\":[{\"@type\":\"ListItem\",\"position\":1,\"name\":\"Home\",\"item\":\"https:\\\/\\\/www.nedbalka.sk\\\/de\\\/\"},{\"@type\":\"ListItem\",\"position\":2,\"name\":\"E-shop\",\"item\":\"https:\\\/\\\/www.nedbalka.sk\\\/e-shop\\\/\"},{\"@type\":\"ListItem\",\"position\":3,\"name\":\"Milan Dobe\u0161 &#8211; Svetlo a pohyb\"}]},{\"@type\":\"WebSite\",\"@id\":\"https:\\\/\\\/www.nedbalka.sk\\\/#website\",\"url\":\"https:\\\/\\\/www.nedbalka.sk\\\/\",\"name\":\"Nedbalka\",\"description\":\"\u0164a\u017eisko zbierky Gal\u00e9rie Nedbalka spo\u010d\u00edva v slovenskej ma\u013ebe 20. storo\u010dia, ale s\u00fa v nej zast\u00fapen\u00e9 aj socha a grafika. Gal\u00e9ria diela prezentuje prostredn\u00edctvom st\u00e1lej expoz\u00edcie a kr\u00e1tkodob\u00fdch v\u00fdstav.\",\"potentialAction\":[{\"@type\":\"SearchAction\",\"target\":{\"@type\":\"EntryPoint\",\"urlTemplate\":\"https:\\\/\\\/www.nedbalka.sk\\\/?s={search_term_string}\"},\"query-input\":{\"@type\":\"PropertyValueSpecification\",\"valueRequired\":true,\"valueName\":\"search_term_string\"}}],\"inLanguage\":\"de\"}]}<\/script>\n<!-- \/ Yoast SEO plugin. -->","yoast_head_json":{"title":"Milan Dobe\u0161 - Svetlo a pohyb | Nedbalka","robots":{"index":"index","follow":"follow","max-snippet":"max-snippet:-1","max-image-preview":"max-image-preview:large","max-video-preview":"max-video-preview:-1"},"canonical":"https:\/\/www.nedbalka.sk\/en\/product\/katalog-milan-dobes-svetlo-pohyb\/","og_locale":"de_DE","og_type":"article","og_title":"Milan Dobe\u0161 - Svetlo a pohyb | Nedbalka","og_description":"Milan Dobe\u0161 je zriedkav\u00fdm pr\u00edpadom slovensk\u00e9ho umelca, ktor\u00fd sa etabloval na medzin\u00e1rodnej v\u00fdtvarnej sc\u00e9ne u\u017e v polovici \u0161es\u0165desiatych rokov minul\u00e9ho storo\u010dia. Po ranom obdob\u00ed ovplyvnenom impresionizmom a zameranom na mot\u00edvy Bratislavy sa vo svojom \u201emodrom\u201c obdob\u00ed orientuje na v\u00fddobytky franc\u00fazskej moderny, s\u00fastre\u010fuje sa na auton\u00f3mnos\u0165 obrazovej plochy a jej jednotliv\u00fdch \u0161trukt\u00far. \u00a0Gal\u00e9ria Nedbalka vybudovala pomerne rozsiahlu kolekciu diel tohto v\u00fdnimo\u010dn\u00e9ho autora, ktor\u00e1 mapuje jeho jednotliv\u00e9 tvoriv\u00e9 obdobia a poskytuje ucelen\u00fd obraz o z\u00e1kladn\u00fdch tendenci\u00e1ch a smerovan\u00ed jeho tvorby.  Katal\u00f3g:\u00a0Milan Dobe\u0161 \u2013 Svetlo a\u00a0pohyb \/ Light &amp; Motion; autor textov:\u00a0Ivan Jan\u010d\u00e1r; po\u010det str\u00e1n:\u00a056; v\u00e4zba:\u00a0m\u00e4kk\u00e1; jazyk:\u00a0slovensk\u00fd a anglick\u00fd; rok vydania:\u00a02015.","og_url":"https:\/\/www.nedbalka.sk\/en\/product\/katalog-milan-dobes-svetlo-pohyb\/","og_site_name":"Nedbalka","article_modified_time":"2019-04-23T13:26:48+00:00","og_image":[{"width":865,"height":1156,"url":"https:\/\/www.nedbalka.sk\/wp-content\/uploads\/Milan-Dobes\u030c-Svetlo-a-pohyb.jpg","type":"image\/jpeg"}],"twitter_card":"summary_large_image","schema":{"@context":"https:\/\/schema.org","@graph":[{"@type":"WebPage","@id":"https:\/\/www.nedbalka.sk\/en\/product\/katalog-milan-dobes-svetlo-pohyb\/","url":"https:\/\/www.nedbalka.sk\/en\/product\/katalog-milan-dobes-svetlo-pohyb\/","name":"Milan Dobe\u0161 - Svetlo a pohyb | Nedbalka","isPartOf":{"@id":"https:\/\/www.nedbalka.sk\/#website"},"primaryImageOfPage":{"@id":"https:\/\/www.nedbalka.sk\/en\/product\/katalog-milan-dobes-svetlo-pohyb\/#primaryimage"},"image":{"@id":"https:\/\/www.nedbalka.sk\/en\/product\/katalog-milan-dobes-svetlo-pohyb\/#primaryimage"},"thumbnailUrl":"https:\/\/www.nedbalka.sk\/wp-content\/uploads\/Milan-Dobes\u030c-Svetlo-a-pohyb.jpg","datePublished":"2015-09-09T17:20:18+00:00","dateModified":"2019-04-23T13:26:48+00:00","breadcrumb":{"@id":"https:\/\/www.nedbalka.sk\/en\/product\/katalog-milan-dobes-svetlo-pohyb\/#breadcrumb"},"inLanguage":"de","potentialAction":[{"@type":"ReadAction","target":["https:\/\/www.nedbalka.sk\/en\/product\/katalog-milan-dobes-svetlo-pohyb\/"]}]},{"@type":"ImageObject","inLanguage":"de","@id":"https:\/\/www.nedbalka.sk\/en\/product\/katalog-milan-dobes-svetlo-pohyb\/#primaryimage","url":"https:\/\/www.nedbalka.sk\/wp-content\/uploads\/Milan-Dobes\u030c-Svetlo-a-pohyb.jpg","contentUrl":"https:\/\/www.nedbalka.sk\/wp-content\/uploads\/Milan-Dobes\u030c-Svetlo-a-pohyb.jpg","width":865,"height":1156,"caption":"Milan Dobes\u030c, Svetlo a pohyb"},{"@type":"BreadcrumbList","@id":"https:\/\/www.nedbalka.sk\/en\/product\/katalog-milan-dobes-svetlo-pohyb\/#breadcrumb","itemListElement":[{"@type":"ListItem","position":1,"name":"Home","item":"https:\/\/www.nedbalka.sk\/de\/"},{"@type":"ListItem","position":2,"name":"E-shop","item":"https:\/\/www.nedbalka.sk\/e-shop\/"},{"@type":"ListItem","position":3,"name":"Milan Dobe\u0161 &#8211; Svetlo a pohyb"}]},{"@type":"WebSite","@id":"https:\/\/www.nedbalka.sk\/#website","url":"https:\/\/www.nedbalka.sk\/","name":"Nedbalka","description":"\u0164a\u017eisko zbierky Gal\u00e9rie Nedbalka spo\u010d\u00edva v slovenskej ma\u013ebe 20. storo\u010dia, ale s\u00fa v nej zast\u00fapen\u00e9 aj socha a grafika. Gal\u00e9ria diela prezentuje prostredn\u00edctvom st\u00e1lej expoz\u00edcie a kr\u00e1tkodob\u00fdch v\u00fdstav.","potentialAction":[{"@type":"SearchAction","target":{"@type":"EntryPoint","urlTemplate":"https:\/\/www.nedbalka.sk\/?s={search_term_string}"},"query-input":{"@type":"PropertyValueSpecification","valueRequired":true,"valueName":"search_term_string"}}],"inLanguage":"de"}]}},"_links":{"self":[{"href":"https:\/\/www.nedbalka.sk\/de\/wp-json\/wp\/v2\/product\/2271","targetHints":{"allow":["GET"]}}],"collection":[{"href":"https:\/\/www.nedbalka.sk\/de\/wp-json\/wp\/v2\/product"}],"about":[{"href":"https:\/\/www.nedbalka.sk\/de\/wp-json\/wp\/v2\/types\/product"}],"wp:featuredmedia":[{"embeddable":true,"href":"https:\/\/www.nedbalka.sk\/de\/wp-json\/wp\/v2\/media\/2272"}],"wp:attachment":[{"href":"https:\/\/www.nedbalka.sk\/de\/wp-json\/wp\/v2\/media?parent=2271"}],"curies":[{"name":"wp","href":"https:\/\/api.w.org\/{rel}","templated":true}]}}

Milan Dobeš &#8211; Svetlo a pohyb

<p>Milan Dobeš je zriedkavým prípadom slovenského umelca, ktorý sa etabloval na medzinárodnej výtvarnej scéne už v polovici šesťdesiatych rokov minulého storočia. Po ranom období ovplyvnenom impresionizmom a zameranom na motívy Bratislavy sa vo svojom „modrom“ období orientuje na výdobytky francúzskej moderny, sústreďuje sa na autonómnosť obrazovej plochy a jej jednotlivých štruktúr.  Galéria Nedbalka vybudovala pomerne rozsiahlu kolekciu diel tohto výnimočného autora, ktorá mapuje jeho jednotlivé tvorivé obdobia a poskytuje ucelený obraz o základných tendenciách a smerovaní jeho tvorby.</p>
<p><strong>Katalóg: Milan Dobeš – Svetlo a pohyb / Light &amp; Motion; </strong>autor textov: Ivan Jančár; počet strán: 56; väzba: mäkká; jazyk: slovenský a anglický; rok vydania: 2015.</p>

<!-- This site is optimized with the Yoast SEO plugin v27.4 - https://yoast.com/product/yoast-seo-wordpress/ -->
<title>Milan Dobeš - Svetlo a pohyb | Nedbalka</title>
<meta name="robots" content="index, follow, max-snippet:-1, max-image-preview:large, max-video-preview:-1" />
<link rel="canonical" href="https://www.nedbalka.sk/en/product/katalog-milan-dobes-svetlo-pohyb/" />
<meta property="og:locale" content="de_DE" />
<meta property="og:type" content="article" />
<meta property="og:title" content="Milan Dobeš - Svetlo a pohyb | Nedbalka" />
<meta property="og:description" content="Milan Dobeš je zriedkavým prípadom slovenského umelca, ktorý sa etabloval na medzinárodnej výtvarnej scéne už v polovici šesťdesiatych rokov minulého storočia. Po ranom období ovplyvnenom impresionizmom a zameranom na motívy Bratislavy sa vo svojom „modrom“ období orientuje na výdobytky francúzskej moderny, sústreďuje sa na autonómnosť obrazovej plochy a jej jednotlivých štruktúr.  Galéria Nedbalka vybudovala pomerne rozsiahlu kolekciu diel tohto výnimočného autora, ktorá mapuje jeho jednotlivé tvorivé obdobia a poskytuje ucelený obraz o základných tendenciách a smerovaní jeho tvorby.  Katalóg: Milan Dobeš – Svetlo a pohyb / Light &amp; Motion; autor textov: Ivan Jančár; počet strán: 56; väzba: mäkká; jazyk: slovenský a anglický; rok vydania: 2015." />
<meta property="og:url" content="https://www.nedbalka.sk/en/product/katalog-milan-dobes-svetlo-pohyb/" />
<meta property="og:site_name" content="Nedbalka" />
<meta property="article:modified_time" content="2019-04-23T13:26:48+00:00" />
<meta property="og:image" content="https://www.nedbalka.sk/wp-content/uploads/Milan-Dobeš-Svetlo-a-pohyb.jpg" />
	<meta property="og:image:width" content="865" />
	<meta property="og:image:height" content="1156" />
	<meta property="og:image:type" content="image/jpeg" />
<meta name="twitter:card" content="summary_large_image" />
<script type="application/ld+json" class="yoast-schema-graph">{"@context":"https:\/\/schema.org","@graph":[{"@type":"WebPage","@id":"https:\/\/www.nedbalka.sk\/en\/product\/katalog-milan-dobes-svetlo-pohyb\/","url":"https:\/\/www.nedbalka.sk\/en\/product\/katalog-milan-dobes-svetlo-pohyb\/","name":"Milan Dobeš - Svetlo a pohyb | Nedbalka","isPartOf":{"@id":"https:\/\/www.nedbalka.sk\/#website"},"primaryImageOfPage":{"@id":"https:\/\/www.nedbalka.sk\/en\/product\/katalog-milan-dobes-svetlo-pohyb\/#primaryimage"},"image":{"@id":"https:\/\/www.nedbalka.sk\/en\/product\/katalog-milan-dobes-svetlo-pohyb\/#primaryimage"},"thumbnailUrl":"https:\/\/www.nedbalka.sk\/wp-content\/uploads\/Milan-Dobeš-Svetlo-a-pohyb.jpg","datePublished":"2015-09-09T17:20:18+00:00","dateModified":"2019-04-23T13:26:48+00:00","breadcrumb":{"@id":"https:\/\/www.nedbalka.sk\/en\/product\/katalog-milan-dobes-svetlo-pohyb\/#breadcrumb"},"inLanguage":"de","potentialAction":[{"@type":"ReadAction","target":["https:\/\/www.nedbalka.sk\/en\/product\/katalog-milan-dobes-svetlo-pohyb\/"]}]},{"@type":"ImageObject","inLanguage":"de","@id":"https:\/\/www.nedbalka.sk\/en\/product\/katalog-milan-dobes-svetlo-pohyb\/#primaryimage","url":"https:\/\/www.nedbalka.sk\/wp-content\/uploads\/Milan-Dobeš-Svetlo-a-pohyb.jpg","contentUrl":"https:\/\/www.nedbalka.sk\/wp-content\/uploads\/Milan-Dobeš-Svetlo-a-pohyb.jpg","width":865,"height":1156,"caption":"Milan Dobeš, Svetlo a pohyb"},{"@type":"BreadcrumbList","@id":"https:\/\/www.nedbalka.sk\/en\/product\/katalog-milan-dobes-svetlo-pohyb\/#breadcrumb","itemListElement":[{"@type":"ListItem","position":1,"name":"Home","item":"https:\/\/www.nedbalka.sk\/de\/"},{"@type":"ListItem","position":2,"name":"E-shop","item":"https:\/\/www.nedbalka.sk\/e-shop\/"},{"@type":"ListItem","position":3,"name":"Milan Dobeš &#8211; Svetlo a pohyb"}]},{"@type":"WebSite","@id":"https:\/\/www.nedbalka.sk\/#website","url":"https:\/\/www.nedbalka.sk\/","name":"Nedbalka","description":"Ťažisko zbierky Galérie Nedbalka spočíva v slovenskej maľbe 20. storočia, ale sú v nej zastúpené aj socha a grafika. Galéria diela prezentuje prostredníctvom stálej expozície a krátkodobých výstav.","potentialAction":[{"@type":"SearchAction","target":{"@type":"EntryPoint","urlTemplate":"https:\/\/www.nedbalka.sk\/?s={search_term_string}"},"query-input":{"@type":"PropertyValueSpecification","valueRequired":true,"valueName":"search_term_string"}}],"inLanguage":"de"}]}</script>
<!-- / Yoast SEO plugin. -->

Milan Dobeš - Svetlo a pohyb | Nedbalka

Milan Dobeš je zriedkavým prípadom slovenského umelca, ktorý sa etabloval na medzinárodnej výtvarnej scéne už v polovici šesťdesiatych rokov minulého storočia. Po ranom období ovplyvnenom impresionizmom a zameranom na motívy Bratislavy sa vo svojom „modrom“ období orientuje na výdobytky francúzskej moderny, sústreďuje sa na autonómnosť obrazovej plochy a jej jednotlivých štruktúr.  Galéria Nedbalka vybudovala pomerne rozsiahlu kolekciu diel tohto výnimočného autora, ktorá mapuje jeho jednotlivé tvorivé obdobia a poskytuje ucelený obraz o základných tendenciách a smerovaní jeho tvorby.  Katalóg: Milan Dobeš – Svetlo a pohyb / Light &amp; Motion; autor textov: Ivan Jančár; počet strán: 56; väzba: mäkká; jazyk: slovenský a anglický; rok vydania: 2015.

Ťažisko zbierky Galérie Nedbalka spočíva v slovenskej maľbe 20. storočia, ale sú v nej zastúpené aj socha a grafika. Galéria diela prezentuje prostredníctvom stálej expozície a krátkodobých výstav.
