{"id":2246,"date":"2017-11-15T16:30:49","date_gmt":"2017-11-15T16:30:49","guid":{"rendered":"http:\/\/www.nedbalka.sk\/?post_type=product&#038;p=2246"},"modified":"2019-04-01T07:38:08","modified_gmt":"2019-04-01T06:38:08","slug":"pribeh-galerie-nedbalka","status":"publish","type":"product","link":"https:\/\/www.nedbalka.sk\/de\/product\/pribeh-galerie-nedbalka\/","title":{"rendered":"Pr\u00edbeh Gal\u00e9rie Nedbalka"},"content":{"rendered":"","protected":false},"excerpt":{"rendered":"<p>Pr\u00edbeh gal\u00e9rie Nedbalka sa zac\u030cal zberatel\u030cskou v\u00e1\u0161n\u030cou a v\u00edziou, pri ktorej sa nemo\u017en\u00e9 stalo skutoc\u030cnost\u030cou. Gal\u00e9ria Nedbalka m\u00e1 p\u00e4t\u030c rokov. Okrem kon\u0161tatovania \u201eako ten c\u030cas let\u00ed\u201c n\u00e1m toto jubileum d\u00e1va pr\u00edle\u017eitost\u030c obzriet\u030c sa sp\u00e4t\u030c a zhodnotit\u030c, ako sa naplnil p\u00f4vodn\u00fd z\u00e1mer vybudovania gal\u00e9rie.<\/p>\n<p>Publik\u00e1cie: Pr\u00edbeh gal\u00e9rie Nedbalka, autor textov: M. Pa\u0161kov\u00e1, A. Barto\u0161ka P. Pa\u0161ko, J. Lukov\u00e1, V. Obuchov\u00e1, Z. Szem\u00e1n, J. Nagy, L. Pavukov\u00e1, M. Michl\u00edk, v\u00e4zba: m\u00e4kk\u00e1, po\u010det str\u00e1n: 72, rok vydania 2017<\/p>\n","protected":false},"featured_media":2323,"template":"","meta":{"_acf_changed":false,"inline_featured_image":false},"class_list":{"0":"post-2246","1":"product","2":"type-product","3":"status-publish","4":"has-post-thumbnail","6":"product_cat-katalog","8":"first","9":"instock","10":"taxable","11":"shipping-taxable","12":"purchasable","13":"product-type-simple"},"acf":[],"yoast_head":"<!-- This site is optimized with the Yoast SEO plugin v27.4 - https:\/\/yoast.com\/product\/yoast-seo-wordpress\/ -->\n<title>Pr\u00edbeh Gal\u00e9rie Nedbalka | Nedbalka<\/title>\n<meta name=\"robots\" content=\"index, follow, max-snippet:-1, max-image-preview:large, max-video-preview:-1\" \/>\n<link rel=\"canonical\" href=\"https:\/\/www.nedbalka.sk\/en\/product\/pribeh-galerie-nedbalka\/\" \/>\n<meta property=\"og:locale\" content=\"de_DE\" \/>\n<meta property=\"og:type\" content=\"article\" \/>\n<meta property=\"og:title\" content=\"Pr\u00edbeh Gal\u00e9rie Nedbalka | Nedbalka\" \/>\n<meta property=\"og:description\" content=\"Pr\u00edbeh gal\u00e9rie Nedbalka sa zac\u030cal zberatel\u030cskou v\u00e1\u0161n\u030cou a v\u00edziou, pri ktorej sa nemo\u017en\u00e9 stalo skutoc\u030cnost\u030cou. Gal\u00e9ria Nedbalka m\u00e1 p\u00e4t\u030c rokov. Okrem kon\u0161tatovania \u201eako ten c\u030cas let\u00ed\u201c n\u00e1m toto jubileum d\u00e1va pr\u00edle\u017eitost\u030c obzriet\u030c sa sp\u00e4t\u030c a zhodnotit\u030c, ako sa naplnil p\u00f4vodn\u00fd z\u00e1mer vybudovania gal\u00e9rie.  Publik\u00e1cie: Pr\u00edbeh gal\u00e9rie Nedbalka, autor textov: M. Pa\u0161kov\u00e1, A. Barto\u0161ka P. Pa\u0161ko, J. Lukov\u00e1, V. Obuchov\u00e1, Z. Szem\u00e1n, J. Nagy, L. Pavukov\u00e1, M. Michl\u00edk, v\u00e4zba: m\u00e4kk\u00e1, po\u010det str\u00e1n: 72, rok vydania 2017\" \/>\n<meta property=\"og:url\" content=\"https:\/\/www.nedbalka.sk\/en\/product\/pribeh-galerie-nedbalka\/\" \/>\n<meta property=\"og:site_name\" content=\"Nedbalka\" \/>\n<meta property=\"article:modified_time\" content=\"2019-04-01T06:38:08+00:00\" \/>\n<meta property=\"og:image\" content=\"https:\/\/www.nedbalka.sk\/wp-content\/uploads\/Pri\u0301beh-Gale\u0301rie-Nedbalka.jpg\" \/>\n\t<meta property=\"og:image:width\" content=\"865\" \/>\n\t<meta property=\"og:image:height\" content=\"1156\" \/>\n\t<meta property=\"og:image:type\" content=\"image\/jpeg\" \/>\n<meta name=\"twitter:card\" content=\"summary_large_image\" \/>\n<script type=\"application\/ld+json\" class=\"yoast-schema-graph\">{\"@context\":\"https:\\\/\\\/schema.org\",\"@graph\":[{\"@type\":\"WebPage\",\"@id\":\"https:\\\/\\\/www.nedbalka.sk\\\/en\\\/product\\\/pribeh-galerie-nedbalka\\\/\",\"url\":\"https:\\\/\\\/www.nedbalka.sk\\\/en\\\/product\\\/pribeh-galerie-nedbalka\\\/\",\"name\":\"Pr\u00edbeh Gal\u00e9rie Nedbalka | Nedbalka\",\"isPartOf\":{\"@id\":\"https:\\\/\\\/www.nedbalka.sk\\\/#website\"},\"primaryImageOfPage\":{\"@id\":\"https:\\\/\\\/www.nedbalka.sk\\\/en\\\/product\\\/pribeh-galerie-nedbalka\\\/#primaryimage\"},\"image\":{\"@id\":\"https:\\\/\\\/www.nedbalka.sk\\\/en\\\/product\\\/pribeh-galerie-nedbalka\\\/#primaryimage\"},\"thumbnailUrl\":\"https:\\\/\\\/www.nedbalka.sk\\\/wp-content\\\/uploads\\\/Pri\u0301beh-Gale\u0301rie-Nedbalka.jpg\",\"datePublished\":\"2017-11-15T16:30:49+00:00\",\"dateModified\":\"2019-04-01T06:38:08+00:00\",\"breadcrumb\":{\"@id\":\"https:\\\/\\\/www.nedbalka.sk\\\/en\\\/product\\\/pribeh-galerie-nedbalka\\\/#breadcrumb\"},\"inLanguage\":\"de\",\"potentialAction\":[{\"@type\":\"ReadAction\",\"target\":[\"https:\\\/\\\/www.nedbalka.sk\\\/en\\\/product\\\/pribeh-galerie-nedbalka\\\/\"]}]},{\"@type\":\"ImageObject\",\"inLanguage\":\"de\",\"@id\":\"https:\\\/\\\/www.nedbalka.sk\\\/en\\\/product\\\/pribeh-galerie-nedbalka\\\/#primaryimage\",\"url\":\"https:\\\/\\\/www.nedbalka.sk\\\/wp-content\\\/uploads\\\/Pri\u0301beh-Gale\u0301rie-Nedbalka.jpg\",\"contentUrl\":\"https:\\\/\\\/www.nedbalka.sk\\\/wp-content\\\/uploads\\\/Pri\u0301beh-Gale\u0301rie-Nedbalka.jpg\",\"width\":865,\"height\":1156,\"caption\":\"Pri\u0301beh Gale\u0301rie Nedbalka\"},{\"@type\":\"BreadcrumbList\",\"@id\":\"https:\\\/\\\/www.nedbalka.sk\\\/en\\\/product\\\/pribeh-galerie-nedbalka\\\/#breadcrumb\",\"itemListElement\":[{\"@type\":\"ListItem\",\"position\":1,\"name\":\"Home\",\"item\":\"https:\\\/\\\/www.nedbalka.sk\\\/de\\\/\"},{\"@type\":\"ListItem\",\"position\":2,\"name\":\"E-shop\",\"item\":\"https:\\\/\\\/www.nedbalka.sk\\\/e-shop\\\/\"},{\"@type\":\"ListItem\",\"position\":3,\"name\":\"Pr\u00edbeh Gal\u00e9rie Nedbalka\"}]},{\"@type\":\"WebSite\",\"@id\":\"https:\\\/\\\/www.nedbalka.sk\\\/#website\",\"url\":\"https:\\\/\\\/www.nedbalka.sk\\\/\",\"name\":\"Nedbalka\",\"description\":\"\u0164a\u017eisko zbierky Gal\u00e9rie Nedbalka spo\u010d\u00edva v slovenskej ma\u013ebe 20. storo\u010dia, ale s\u00fa v nej zast\u00fapen\u00e9 aj socha a grafika. Gal\u00e9ria diela prezentuje prostredn\u00edctvom st\u00e1lej expoz\u00edcie a kr\u00e1tkodob\u00fdch v\u00fdstav.\",\"potentialAction\":[{\"@type\":\"SearchAction\",\"target\":{\"@type\":\"EntryPoint\",\"urlTemplate\":\"https:\\\/\\\/www.nedbalka.sk\\\/?s={search_term_string}\"},\"query-input\":{\"@type\":\"PropertyValueSpecification\",\"valueRequired\":true,\"valueName\":\"search_term_string\"}}],\"inLanguage\":\"de\"}]}<\/script>\n<!-- \/ Yoast SEO plugin. -->","yoast_head_json":{"title":"Pr\u00edbeh Gal\u00e9rie Nedbalka | Nedbalka","robots":{"index":"index","follow":"follow","max-snippet":"max-snippet:-1","max-image-preview":"max-image-preview:large","max-video-preview":"max-video-preview:-1"},"canonical":"https:\/\/www.nedbalka.sk\/en\/product\/pribeh-galerie-nedbalka\/","og_locale":"de_DE","og_type":"article","og_title":"Pr\u00edbeh Gal\u00e9rie Nedbalka | Nedbalka","og_description":"Pr\u00edbeh gal\u00e9rie Nedbalka sa zac\u030cal zberatel\u030cskou v\u00e1\u0161n\u030cou a v\u00edziou, pri ktorej sa nemo\u017en\u00e9 stalo skutoc\u030cnost\u030cou. Gal\u00e9ria Nedbalka m\u00e1 p\u00e4t\u030c rokov. Okrem kon\u0161tatovania \u201eako ten c\u030cas let\u00ed\u201c n\u00e1m toto jubileum d\u00e1va pr\u00edle\u017eitost\u030c obzriet\u030c sa sp\u00e4t\u030c a zhodnotit\u030c, ako sa naplnil p\u00f4vodn\u00fd z\u00e1mer vybudovania gal\u00e9rie.  Publik\u00e1cie: Pr\u00edbeh gal\u00e9rie Nedbalka, autor textov: M. Pa\u0161kov\u00e1, A. Barto\u0161ka P. Pa\u0161ko, J. Lukov\u00e1, V. Obuchov\u00e1, Z. Szem\u00e1n, J. Nagy, L. Pavukov\u00e1, M. Michl\u00edk, v\u00e4zba: m\u00e4kk\u00e1, po\u010det str\u00e1n: 72, rok vydania 2017","og_url":"https:\/\/www.nedbalka.sk\/en\/product\/pribeh-galerie-nedbalka\/","og_site_name":"Nedbalka","article_modified_time":"2019-04-01T06:38:08+00:00","og_image":[{"width":865,"height":1156,"url":"https:\/\/www.nedbalka.sk\/wp-content\/uploads\/Pri\u0301beh-Gale\u0301rie-Nedbalka.jpg","type":"image\/jpeg"}],"twitter_card":"summary_large_image","schema":{"@context":"https:\/\/schema.org","@graph":[{"@type":"WebPage","@id":"https:\/\/www.nedbalka.sk\/en\/product\/pribeh-galerie-nedbalka\/","url":"https:\/\/www.nedbalka.sk\/en\/product\/pribeh-galerie-nedbalka\/","name":"Pr\u00edbeh Gal\u00e9rie Nedbalka | Nedbalka","isPartOf":{"@id":"https:\/\/www.nedbalka.sk\/#website"},"primaryImageOfPage":{"@id":"https:\/\/www.nedbalka.sk\/en\/product\/pribeh-galerie-nedbalka\/#primaryimage"},"image":{"@id":"https:\/\/www.nedbalka.sk\/en\/product\/pribeh-galerie-nedbalka\/#primaryimage"},"thumbnailUrl":"https:\/\/www.nedbalka.sk\/wp-content\/uploads\/Pri\u0301beh-Gale\u0301rie-Nedbalka.jpg","datePublished":"2017-11-15T16:30:49+00:00","dateModified":"2019-04-01T06:38:08+00:00","breadcrumb":{"@id":"https:\/\/www.nedbalka.sk\/en\/product\/pribeh-galerie-nedbalka\/#breadcrumb"},"inLanguage":"de","potentialAction":[{"@type":"ReadAction","target":["https:\/\/www.nedbalka.sk\/en\/product\/pribeh-galerie-nedbalka\/"]}]},{"@type":"ImageObject","inLanguage":"de","@id":"https:\/\/www.nedbalka.sk\/en\/product\/pribeh-galerie-nedbalka\/#primaryimage","url":"https:\/\/www.nedbalka.sk\/wp-content\/uploads\/Pri\u0301beh-Gale\u0301rie-Nedbalka.jpg","contentUrl":"https:\/\/www.nedbalka.sk\/wp-content\/uploads\/Pri\u0301beh-Gale\u0301rie-Nedbalka.jpg","width":865,"height":1156,"caption":"Pri\u0301beh Gale\u0301rie Nedbalka"},{"@type":"BreadcrumbList","@id":"https:\/\/www.nedbalka.sk\/en\/product\/pribeh-galerie-nedbalka\/#breadcrumb","itemListElement":[{"@type":"ListItem","position":1,"name":"Home","item":"https:\/\/www.nedbalka.sk\/de\/"},{"@type":"ListItem","position":2,"name":"E-shop","item":"https:\/\/www.nedbalka.sk\/e-shop\/"},{"@type":"ListItem","position":3,"name":"Pr\u00edbeh Gal\u00e9rie Nedbalka"}]},{"@type":"WebSite","@id":"https:\/\/www.nedbalka.sk\/#website","url":"https:\/\/www.nedbalka.sk\/","name":"Nedbalka","description":"\u0164a\u017eisko zbierky Gal\u00e9rie Nedbalka spo\u010d\u00edva v slovenskej ma\u013ebe 20. storo\u010dia, ale s\u00fa v nej zast\u00fapen\u00e9 aj socha a grafika. Gal\u00e9ria diela prezentuje prostredn\u00edctvom st\u00e1lej expoz\u00edcie a kr\u00e1tkodob\u00fdch v\u00fdstav.","potentialAction":[{"@type":"SearchAction","target":{"@type":"EntryPoint","urlTemplate":"https:\/\/www.nedbalka.sk\/?s={search_term_string}"},"query-input":{"@type":"PropertyValueSpecification","valueRequired":true,"valueName":"search_term_string"}}],"inLanguage":"de"}]}},"_links":{"self":[{"href":"https:\/\/www.nedbalka.sk\/de\/wp-json\/wp\/v2\/product\/2246","targetHints":{"allow":["GET"]}}],"collection":[{"href":"https:\/\/www.nedbalka.sk\/de\/wp-json\/wp\/v2\/product"}],"about":[{"href":"https:\/\/www.nedbalka.sk\/de\/wp-json\/wp\/v2\/types\/product"}],"wp:featuredmedia":[{"embeddable":true,"href":"https:\/\/www.nedbalka.sk\/de\/wp-json\/wp\/v2\/media\/2323"}],"wp:attachment":[{"href":"https:\/\/www.nedbalka.sk\/de\/wp-json\/wp\/v2\/media?parent=2246"}],"curies":[{"name":"wp","href":"https:\/\/api.w.org\/{rel}","templated":true}]}}

Príbeh Galérie Nedbalka

<p>Príbeh galérie Nedbalka sa začal zberateľskou vášňou a víziou, pri ktorej sa nemožné stalo skutočnosťou. Galéria Nedbalka má päť rokov. Okrem konštatovania „ako ten čas letí“ nám toto jubileum dáva príležitosť obzrieť sa späť a zhodnotiť, ako sa naplnil pôvodný zámer vybudovania galérie.</p>
<p>Publikácie: Príbeh galérie Nedbalka, autor textov: M. Pašková, A. Bartoška P. Paško, J. Luková, V. Obuchová, Z. Szemán, J. Nagy, L. Pavuková, M. Michlík, väzba: mäkká, počet strán: 72, rok vydania 2017</p>

<!-- This site is optimized with the Yoast SEO plugin v27.4 - https://yoast.com/product/yoast-seo-wordpress/ -->
<title>Príbeh Galérie Nedbalka | Nedbalka</title>
<meta name="robots" content="index, follow, max-snippet:-1, max-image-preview:large, max-video-preview:-1" />
<link rel="canonical" href="https://www.nedbalka.sk/en/product/pribeh-galerie-nedbalka/" />
<meta property="og:locale" content="de_DE" />
<meta property="og:type" content="article" />
<meta property="og:title" content="Príbeh Galérie Nedbalka | Nedbalka" />
<meta property="og:description" content="Príbeh galérie Nedbalka sa začal zberateľskou vášňou a víziou, pri ktorej sa nemožné stalo skutočnosťou. Galéria Nedbalka má päť rokov. Okrem konštatovania „ako ten čas letí“ nám toto jubileum dáva príležitosť obzrieť sa späť a zhodnotiť, ako sa naplnil pôvodný zámer vybudovania galérie.  Publikácie: Príbeh galérie Nedbalka, autor textov: M. Pašková, A. Bartoška P. Paško, J. Luková, V. Obuchová, Z. Szemán, J. Nagy, L. Pavuková, M. Michlík, väzba: mäkká, počet strán: 72, rok vydania 2017" />
<meta property="og:url" content="https://www.nedbalka.sk/en/product/pribeh-galerie-nedbalka/" />
<meta property="og:site_name" content="Nedbalka" />
<meta property="article:modified_time" content="2019-04-01T06:38:08+00:00" />
<meta property="og:image" content="https://www.nedbalka.sk/wp-content/uploads/Príbeh-Galérie-Nedbalka.jpg" />
	<meta property="og:image:width" content="865" />
	<meta property="og:image:height" content="1156" />
	<meta property="og:image:type" content="image/jpeg" />
<meta name="twitter:card" content="summary_large_image" />
<script type="application/ld+json" class="yoast-schema-graph">{"@context":"https:\/\/schema.org","@graph":[{"@type":"WebPage","@id":"https:\/\/www.nedbalka.sk\/en\/product\/pribeh-galerie-nedbalka\/","url":"https:\/\/www.nedbalka.sk\/en\/product\/pribeh-galerie-nedbalka\/","name":"Príbeh Galérie Nedbalka | Nedbalka","isPartOf":{"@id":"https:\/\/www.nedbalka.sk\/#website"},"primaryImageOfPage":{"@id":"https:\/\/www.nedbalka.sk\/en\/product\/pribeh-galerie-nedbalka\/#primaryimage"},"image":{"@id":"https:\/\/www.nedbalka.sk\/en\/product\/pribeh-galerie-nedbalka\/#primaryimage"},"thumbnailUrl":"https:\/\/www.nedbalka.sk\/wp-content\/uploads\/Príbeh-Galérie-Nedbalka.jpg","datePublished":"2017-11-15T16:30:49+00:00","dateModified":"2019-04-01T06:38:08+00:00","breadcrumb":{"@id":"https:\/\/www.nedbalka.sk\/en\/product\/pribeh-galerie-nedbalka\/#breadcrumb"},"inLanguage":"de","potentialAction":[{"@type":"ReadAction","target":["https:\/\/www.nedbalka.sk\/en\/product\/pribeh-galerie-nedbalka\/"]}]},{"@type":"ImageObject","inLanguage":"de","@id":"https:\/\/www.nedbalka.sk\/en\/product\/pribeh-galerie-nedbalka\/#primaryimage","url":"https:\/\/www.nedbalka.sk\/wp-content\/uploads\/Príbeh-Galérie-Nedbalka.jpg","contentUrl":"https:\/\/www.nedbalka.sk\/wp-content\/uploads\/Príbeh-Galérie-Nedbalka.jpg","width":865,"height":1156,"caption":"Príbeh Galérie Nedbalka"},{"@type":"BreadcrumbList","@id":"https:\/\/www.nedbalka.sk\/en\/product\/pribeh-galerie-nedbalka\/#breadcrumb","itemListElement":[{"@type":"ListItem","position":1,"name":"Home","item":"https:\/\/www.nedbalka.sk\/de\/"},{"@type":"ListItem","position":2,"name":"E-shop","item":"https:\/\/www.nedbalka.sk\/e-shop\/"},{"@type":"ListItem","position":3,"name":"Príbeh Galérie Nedbalka"}]},{"@type":"WebSite","@id":"https:\/\/www.nedbalka.sk\/#website","url":"https:\/\/www.nedbalka.sk\/","name":"Nedbalka","description":"Ťažisko zbierky Galérie Nedbalka spočíva v slovenskej maľbe 20. storočia, ale sú v nej zastúpené aj socha a grafika. Galéria diela prezentuje prostredníctvom stálej expozície a krátkodobých výstav.","potentialAction":[{"@type":"SearchAction","target":{"@type":"EntryPoint","urlTemplate":"https:\/\/www.nedbalka.sk\/?s={search_term_string}"},"query-input":{"@type":"PropertyValueSpecification","valueRequired":true,"valueName":"search_term_string"}}],"inLanguage":"de"}]}</script>
<!-- / Yoast SEO plugin. -->

Príbeh Galérie Nedbalka | Nedbalka

Príbeh galérie Nedbalka sa začal zberateľskou vášňou a víziou, pri ktorej sa nemožné stalo skutočnosťou. Galéria Nedbalka má päť rokov. Okrem konštatovania „ako ten čas letí“ nám toto jubileum dáva príležitosť obzrieť sa späť a zhodnotiť, ako sa naplnil pôvodný zámer vybudovania galérie.  Publikácie: Príbeh galérie Nedbalka, autor textov: M. Pašková, A. Bartoška P. Paško, J. Luková, V. Obuchová, Z. Szemán, J. Nagy, L. Pavuková, M. Michlík, väzba: mäkká, počet strán: 72, rok vydania 2017

Ťažisko zbierky Galérie Nedbalka spočíva v slovenskej maľbe 20. storočia, ale sú v nej zastúpené aj socha a grafika. Galéria diela prezentuje prostredníctvom stálej expozície a krátkodobých výstav.
