{"id":9288,"date":"2026-01-20T11:26:26","date_gmt":"2026-01-20T10:26:26","guid":{"rendered":"https:\/\/www.nedbalka.sk\/?post_type=kratkodobe-vystavy&#038;p=9288"},"modified":"2026-01-23T11:58:05","modified_gmt":"2026-01-23T10:58:05","slug":"ausstellung-der-besten-gemaelde-aus-20-jahren-des-wettbewerbs-malba","status":"publish","type":"kratkodobe-vystavy","link":"https:\/\/www.nedbalka.sk\/de\/ausstellungen\/ausstellung-der-besten-gemaelde-aus-20-jahren-des-wettbewerbs-malba\/","title":{"rendered":"Ausstellung XYZ &#8211; Malwettbewerb \u00fcber drei Generationen hinweg"},"content":{"rendered":"","protected":false},"featured_media":9283,"menu_order":0,"template":"","class_list":["post-9288","kratkodobe-vystavy","type-kratkodobe-vystavy","status-publish","has-post-thumbnail","hentry"],"acf":[],"yoast_head":"<!-- This site is optimized with the Yoast SEO plugin v27.4 - https:\/\/yoast.com\/product\/yoast-seo-wordpress\/ -->\n<title>Ausstellung XYZ - Malwettbewerb \u00fcber drei Generationen hinweg | Nedbalka<\/title>\n<meta name=\"robots\" content=\"index, follow, max-snippet:-1, max-image-preview:large, max-video-preview:-1\" \/>\n<link rel=\"canonical\" href=\"https:\/\/www.nedbalka.sk\/de\/ausstellungen\/ausstellung-der-besten-gemaelde-aus-20-jahren-des-wettbewerbs-malba\/\" \/>\n<meta property=\"og:locale\" content=\"de_DE\" \/>\n<meta property=\"og:type\" content=\"article\" \/>\n<meta property=\"og:title\" content=\"Ausstellung XYZ - Malwettbewerb \u00fcber drei Generationen hinweg | Nedbalka\" \/>\n<meta property=\"og:url\" content=\"https:\/\/www.nedbalka.sk\/de\/ausstellungen\/ausstellung-der-besten-gemaelde-aus-20-jahren-des-wettbewerbs-malba\/\" \/>\n<meta property=\"og:site_name\" content=\"Nedbalka\" \/>\n<meta property=\"article:modified_time\" content=\"2026-01-23T10:58:05+00:00\" \/>\n<meta property=\"og:image\" content=\"https:\/\/www.nedbalka.sk\/wp-content\/uploads\/640x715.jpg\" \/>\n\t<meta property=\"og:image:width\" content=\"640\" \/>\n\t<meta property=\"og:image:height\" content=\"715\" \/>\n\t<meta property=\"og:image:type\" content=\"image\/jpeg\" \/>\n<meta name=\"twitter:card\" content=\"summary_large_image\" \/>\n<meta name=\"twitter:label1\" content=\"Gesch\u00e4tzte Lesezeit\" \/>\n\t<meta name=\"twitter:data1\" content=\"1\u00a0Minute\" \/>\n<script type=\"application\/ld+json\" class=\"yoast-schema-graph\">{\"@context\":\"https:\\\/\\\/schema.org\",\"@graph\":[{\"@type\":\"WebPage\",\"@id\":\"https:\\\/\\\/www.nedbalka.sk\\\/de\\\/ausstellungen\\\/ausstellung-der-besten-gemaelde-aus-20-jahren-des-wettbewerbs-malba\\\/\",\"url\":\"https:\\\/\\\/www.nedbalka.sk\\\/de\\\/ausstellungen\\\/ausstellung-der-besten-gemaelde-aus-20-jahren-des-wettbewerbs-malba\\\/\",\"name\":\"Ausstellung XYZ - Malwettbewerb \u00fcber drei Generationen hinweg | Nedbalka\",\"isPartOf\":{\"@id\":\"https:\\\/\\\/www.nedbalka.sk\\\/#website\"},\"primaryImageOfPage\":{\"@id\":\"https:\\\/\\\/www.nedbalka.sk\\\/de\\\/ausstellungen\\\/ausstellung-der-besten-gemaelde-aus-20-jahren-des-wettbewerbs-malba\\\/#primaryimage\"},\"image\":{\"@id\":\"https:\\\/\\\/www.nedbalka.sk\\\/de\\\/ausstellungen\\\/ausstellung-der-besten-gemaelde-aus-20-jahren-des-wettbewerbs-malba\\\/#primaryimage\"},\"thumbnailUrl\":\"https:\\\/\\\/www.nedbalka.sk\\\/wp-content\\\/uploads\\\/640x715.jpg\",\"datePublished\":\"2026-01-20T10:26:26+00:00\",\"dateModified\":\"2026-01-23T10:58:05+00:00\",\"breadcrumb\":{\"@id\":\"https:\\\/\\\/www.nedbalka.sk\\\/de\\\/ausstellungen\\\/ausstellung-der-besten-gemaelde-aus-20-jahren-des-wettbewerbs-malba\\\/#breadcrumb\"},\"inLanguage\":\"de\",\"potentialAction\":[{\"@type\":\"ReadAction\",\"target\":[\"https:\\\/\\\/www.nedbalka.sk\\\/de\\\/ausstellungen\\\/ausstellung-der-besten-gemaelde-aus-20-jahren-des-wettbewerbs-malba\\\/\"]}]},{\"@type\":\"ImageObject\",\"inLanguage\":\"de\",\"@id\":\"https:\\\/\\\/www.nedbalka.sk\\\/de\\\/ausstellungen\\\/ausstellung-der-besten-gemaelde-aus-20-jahren-des-wettbewerbs-malba\\\/#primaryimage\",\"url\":\"https:\\\/\\\/www.nedbalka.sk\\\/wp-content\\\/uploads\\\/640x715.jpg\",\"contentUrl\":\"https:\\\/\\\/www.nedbalka.sk\\\/wp-content\\\/uploads\\\/640x715.jpg\",\"width\":640,\"height\":715},{\"@type\":\"BreadcrumbList\",\"@id\":\"https:\\\/\\\/www.nedbalka.sk\\\/de\\\/ausstellungen\\\/ausstellung-der-besten-gemaelde-aus-20-jahren-des-wettbewerbs-malba\\\/#breadcrumb\",\"itemListElement\":[{\"@type\":\"ListItem\",\"position\":1,\"name\":\"Home\",\"item\":\"https:\\\/\\\/www.nedbalka.sk\\\/de\\\/\"},{\"@type\":\"ListItem\",\"position\":2,\"name\":\"Ausstellung XYZ &#8211; Malwettbewerb \u00fcber drei Generationen hinweg\"}]},{\"@type\":\"WebSite\",\"@id\":\"https:\\\/\\\/www.nedbalka.sk\\\/#website\",\"url\":\"https:\\\/\\\/www.nedbalka.sk\\\/\",\"name\":\"Nedbalka\",\"description\":\"\u0164a\u017eisko zbierky Gal\u00e9rie Nedbalka spo\u010d\u00edva v slovenskej ma\u013ebe 20. storo\u010dia, ale s\u00fa v nej zast\u00fapen\u00e9 aj socha a grafika. Gal\u00e9ria diela prezentuje prostredn\u00edctvom st\u00e1lej expoz\u00edcie a kr\u00e1tkodob\u00fdch v\u00fdstav.\",\"potentialAction\":[{\"@type\":\"SearchAction\",\"target\":{\"@type\":\"EntryPoint\",\"urlTemplate\":\"https:\\\/\\\/www.nedbalka.sk\\\/?s={search_term_string}\"},\"query-input\":{\"@type\":\"PropertyValueSpecification\",\"valueRequired\":true,\"valueName\":\"search_term_string\"}}],\"inLanguage\":\"de\"}]}<\/script>\n<!-- \/ Yoast SEO plugin. -->","yoast_head_json":{"title":"Ausstellung XYZ - Malwettbewerb \u00fcber drei Generationen hinweg | Nedbalka","robots":{"index":"index","follow":"follow","max-snippet":"max-snippet:-1","max-image-preview":"max-image-preview:large","max-video-preview":"max-video-preview:-1"},"canonical":"https:\/\/www.nedbalka.sk\/de\/ausstellungen\/ausstellung-der-besten-gemaelde-aus-20-jahren-des-wettbewerbs-malba\/","og_locale":"de_DE","og_type":"article","og_title":"Ausstellung XYZ - Malwettbewerb \u00fcber drei Generationen hinweg | Nedbalka","og_url":"https:\/\/www.nedbalka.sk\/de\/ausstellungen\/ausstellung-der-besten-gemaelde-aus-20-jahren-des-wettbewerbs-malba\/","og_site_name":"Nedbalka","article_modified_time":"2026-01-23T10:58:05+00:00","og_image":[{"width":640,"height":715,"url":"https:\/\/www.nedbalka.sk\/wp-content\/uploads\/640x715.jpg","type":"image\/jpeg"}],"twitter_card":"summary_large_image","twitter_misc":{"Gesch\u00e4tzte Lesezeit":"1\u00a0Minute"},"schema":{"@context":"https:\/\/schema.org","@graph":[{"@type":"WebPage","@id":"https:\/\/www.nedbalka.sk\/de\/ausstellungen\/ausstellung-der-besten-gemaelde-aus-20-jahren-des-wettbewerbs-malba\/","url":"https:\/\/www.nedbalka.sk\/de\/ausstellungen\/ausstellung-der-besten-gemaelde-aus-20-jahren-des-wettbewerbs-malba\/","name":"Ausstellung XYZ - Malwettbewerb \u00fcber drei Generationen hinweg | Nedbalka","isPartOf":{"@id":"https:\/\/www.nedbalka.sk\/#website"},"primaryImageOfPage":{"@id":"https:\/\/www.nedbalka.sk\/de\/ausstellungen\/ausstellung-der-besten-gemaelde-aus-20-jahren-des-wettbewerbs-malba\/#primaryimage"},"image":{"@id":"https:\/\/www.nedbalka.sk\/de\/ausstellungen\/ausstellung-der-besten-gemaelde-aus-20-jahren-des-wettbewerbs-malba\/#primaryimage"},"thumbnailUrl":"https:\/\/www.nedbalka.sk\/wp-content\/uploads\/640x715.jpg","datePublished":"2026-01-20T10:26:26+00:00","dateModified":"2026-01-23T10:58:05+00:00","breadcrumb":{"@id":"https:\/\/www.nedbalka.sk\/de\/ausstellungen\/ausstellung-der-besten-gemaelde-aus-20-jahren-des-wettbewerbs-malba\/#breadcrumb"},"inLanguage":"de","potentialAction":[{"@type":"ReadAction","target":["https:\/\/www.nedbalka.sk\/de\/ausstellungen\/ausstellung-der-besten-gemaelde-aus-20-jahren-des-wettbewerbs-malba\/"]}]},{"@type":"ImageObject","inLanguage":"de","@id":"https:\/\/www.nedbalka.sk\/de\/ausstellungen\/ausstellung-der-besten-gemaelde-aus-20-jahren-des-wettbewerbs-malba\/#primaryimage","url":"https:\/\/www.nedbalka.sk\/wp-content\/uploads\/640x715.jpg","contentUrl":"https:\/\/www.nedbalka.sk\/wp-content\/uploads\/640x715.jpg","width":640,"height":715},{"@type":"BreadcrumbList","@id":"https:\/\/www.nedbalka.sk\/de\/ausstellungen\/ausstellung-der-besten-gemaelde-aus-20-jahren-des-wettbewerbs-malba\/#breadcrumb","itemListElement":[{"@type":"ListItem","position":1,"name":"Home","item":"https:\/\/www.nedbalka.sk\/de\/"},{"@type":"ListItem","position":2,"name":"Ausstellung XYZ &#8211; Malwettbewerb \u00fcber drei Generationen hinweg"}]},{"@type":"WebSite","@id":"https:\/\/www.nedbalka.sk\/#website","url":"https:\/\/www.nedbalka.sk\/","name":"Nedbalka","description":"\u0164a\u017eisko zbierky Gal\u00e9rie Nedbalka spo\u010d\u00edva v slovenskej ma\u013ebe 20. storo\u010dia, ale s\u00fa v nej zast\u00fapen\u00e9 aj socha a grafika. Gal\u00e9ria diela prezentuje prostredn\u00edctvom st\u00e1lej expoz\u00edcie a kr\u00e1tkodob\u00fdch v\u00fdstav.","potentialAction":[{"@type":"SearchAction","target":{"@type":"EntryPoint","urlTemplate":"https:\/\/www.nedbalka.sk\/?s={search_term_string}"},"query-input":{"@type":"PropertyValueSpecification","valueRequired":true,"valueName":"search_term_string"}}],"inLanguage":"de"}]}},"_links":{"self":[{"href":"https:\/\/www.nedbalka.sk\/de\/wp-json\/wp\/v2\/kratkodobe-vystavy\/9288","targetHints":{"allow":["GET"]}}],"collection":[{"href":"https:\/\/www.nedbalka.sk\/de\/wp-json\/wp\/v2\/kratkodobe-vystavy"}],"about":[{"href":"https:\/\/www.nedbalka.sk\/de\/wp-json\/wp\/v2\/types\/kratkodobe-vystavy"}],"wp:featuredmedia":[{"embeddable":true,"href":"https:\/\/www.nedbalka.sk\/de\/wp-json\/wp\/v2\/media\/9283"}],"wp:attachment":[{"href":"https:\/\/www.nedbalka.sk\/de\/wp-json\/wp\/v2\/media?parent=9288"}],"curies":[{"name":"wp","href":"https:\/\/api.w.org\/{rel}","templated":true}]}}

Ausstellung XYZ &#8211; Malwettbewerb über drei Generationen hinweg

<!-- This site is optimized with the Yoast SEO plugin v27.4 - https://yoast.com/product/yoast-seo-wordpress/ -->
<title>Ausstellung XYZ - Malwettbewerb über drei Generationen hinweg | Nedbalka</title>
<meta name="robots" content="index, follow, max-snippet:-1, max-image-preview:large, max-video-preview:-1" />
<link rel="canonical" href="https://www.nedbalka.sk/de/ausstellungen/ausstellung-der-besten-gemaelde-aus-20-jahren-des-wettbewerbs-malba/" />
<meta property="og:locale" content="de_DE" />
<meta property="og:type" content="article" />
<meta property="og:title" content="Ausstellung XYZ - Malwettbewerb über drei Generationen hinweg | Nedbalka" />
<meta property="og:url" content="https://www.nedbalka.sk/de/ausstellungen/ausstellung-der-besten-gemaelde-aus-20-jahren-des-wettbewerbs-malba/" />
<meta property="og:site_name" content="Nedbalka" />
<meta property="article:modified_time" content="2026-01-23T10:58:05+00:00" />
<meta property="og:image" content="https://www.nedbalka.sk/wp-content/uploads/640x715.jpg" />
	<meta property="og:image:width" content="640" />
	<meta property="og:image:height" content="715" />
	<meta property="og:image:type" content="image/jpeg" />
<meta name="twitter:card" content="summary_large_image" />
<meta name="twitter:label1" content="Geschätzte Lesezeit" />
	<meta name="twitter:data1" content="1 Minute" />
<script type="application/ld+json" class="yoast-schema-graph">{"@context":"https:\/\/schema.org","@graph":[{"@type":"WebPage","@id":"https:\/\/www.nedbalka.sk\/de\/ausstellungen\/ausstellung-der-besten-gemaelde-aus-20-jahren-des-wettbewerbs-malba\/","url":"https:\/\/www.nedbalka.sk\/de\/ausstellungen\/ausstellung-der-besten-gemaelde-aus-20-jahren-des-wettbewerbs-malba\/","name":"Ausstellung XYZ - Malwettbewerb über drei Generationen hinweg | Nedbalka","isPartOf":{"@id":"https:\/\/www.nedbalka.sk\/#website"},"primaryImageOfPage":{"@id":"https:\/\/www.nedbalka.sk\/de\/ausstellungen\/ausstellung-der-besten-gemaelde-aus-20-jahren-des-wettbewerbs-malba\/#primaryimage"},"image":{"@id":"https:\/\/www.nedbalka.sk\/de\/ausstellungen\/ausstellung-der-besten-gemaelde-aus-20-jahren-des-wettbewerbs-malba\/#primaryimage"},"thumbnailUrl":"https:\/\/www.nedbalka.sk\/wp-content\/uploads\/640x715.jpg","datePublished":"2026-01-20T10:26:26+00:00","dateModified":"2026-01-23T10:58:05+00:00","breadcrumb":{"@id":"https:\/\/www.nedbalka.sk\/de\/ausstellungen\/ausstellung-der-besten-gemaelde-aus-20-jahren-des-wettbewerbs-malba\/#breadcrumb"},"inLanguage":"de","potentialAction":[{"@type":"ReadAction","target":["https:\/\/www.nedbalka.sk\/de\/ausstellungen\/ausstellung-der-besten-gemaelde-aus-20-jahren-des-wettbewerbs-malba\/"]}]},{"@type":"ImageObject","inLanguage":"de","@id":"https:\/\/www.nedbalka.sk\/de\/ausstellungen\/ausstellung-der-besten-gemaelde-aus-20-jahren-des-wettbewerbs-malba\/#primaryimage","url":"https:\/\/www.nedbalka.sk\/wp-content\/uploads\/640x715.jpg","contentUrl":"https:\/\/www.nedbalka.sk\/wp-content\/uploads\/640x715.jpg","width":640,"height":715},{"@type":"BreadcrumbList","@id":"https:\/\/www.nedbalka.sk\/de\/ausstellungen\/ausstellung-der-besten-gemaelde-aus-20-jahren-des-wettbewerbs-malba\/#breadcrumb","itemListElement":[{"@type":"ListItem","position":1,"name":"Home","item":"https:\/\/www.nedbalka.sk\/de\/"},{"@type":"ListItem","position":2,"name":"Ausstellung XYZ &#8211; Malwettbewerb über drei Generationen hinweg"}]},{"@type":"WebSite","@id":"https:\/\/www.nedbalka.sk\/#website","url":"https:\/\/www.nedbalka.sk\/","name":"Nedbalka","description":"Ťažisko zbierky Galérie Nedbalka spočíva v slovenskej maľbe 20. storočia, ale sú v nej zastúpené aj socha a grafika. Galéria diela prezentuje prostredníctvom stálej expozície a krátkodobých výstav.","potentialAction":[{"@type":"SearchAction","target":{"@type":"EntryPoint","urlTemplate":"https:\/\/www.nedbalka.sk\/?s={search_term_string}"},"query-input":{"@type":"PropertyValueSpecification","valueRequired":true,"valueName":"search_term_string"}}],"inLanguage":"de"}]}</script>
<!-- / Yoast SEO plugin. -->

Ausstellung XYZ - Malwettbewerb über drei Generationen hinweg | Nedbalka

Ťažisko zbierky Galérie Nedbalka spočíva v slovenskej maľbe 20. storočia, ale sú v nej zastúpené aj socha a grafika. Galéria diela prezentuje prostredníctvom stálej expozície a krátkodobých výstav.
